{"id":157,"date":"2020-09-07T12:30:58","date_gmt":"2020-09-07T12:30:58","guid":{"rendered":"https:\/\/bridge396.qodeinteractive.com\/?page_id=157"},"modified":"2020-12-04T09:30:07","modified_gmt":"2020-12-04T09:30:07","slug":"sobre-nosotros","status":"publish","type":"page","link":"https:\/\/laspalomascatering.com\/index.php\/sobre-nosotros\/","title":{"rendered":"Sobre nosotros"},"content":{"rendered":"\t\t<div data-elementor-type=\"wp-page\" data-elementor-id=\"157\" class=\"elementor elementor-157\">\n\t\t\t\t\t\t<section class=\"elementor-section elementor-top-section elementor-element elementor-element-7f443c12 elementor-section-full_width qode_elementor_container_inner elementor-reverse-tablet elementor-reverse-mobile elementor-section-height-default elementor-section-height-default parallax_section_no\" data-id=\"7f443c12\" data-element_type=\"section\">\n\t\t\t\t\t\t<div class=\"elementor-container elementor-column-gap-no\">\n\t\t\t\t\t<div class=\"elementor-column elementor-col-50 elementor-top-column elementor-element elementor-element-1b645a46\" data-id=\"1b645a46\" data-element_type=\"column\">\n\t\t\t<div class=\"elementor-widget-wrap elementor-element-populated\">\n\t\t\t\t\t\t<div class=\"elementor-element elementor-element-f8c5891 elementor-widget elementor-widget-image\" data-id=\"f8c5891\" data-element_type=\"widget\" data-widget_type=\"image.default\">\n\t\t\t\t<div class=\"elementor-widget-container\">\n\t\t\t\t\t\t\t\t\t\t\t\t\t<img fetchpriority=\"high\" decoding=\"async\" width=\"800\" height=\"498\" src=\"https:\/\/laspalomascatering.com\/wp-content\/uploads\/2020\/12\/las_palomas_nosotros_1.jpg\" class=\"attachment-full size-full wp-image-486\" alt=\"\" srcset=\"https:\/\/laspalomascatering.com\/wp-content\/uploads\/2020\/12\/las_palomas_nosotros_1.jpg 800w, https:\/\/laspalomascatering.com\/wp-content\/uploads\/2020\/12\/las_palomas_nosotros_1-300x187.jpg 300w, https:\/\/laspalomascatering.com\/wp-content\/uploads\/2020\/12\/las_palomas_nosotros_1-768x478.jpg 768w, https:\/\/laspalomascatering.com\/wp-content\/uploads\/2020\/12\/las_palomas_nosotros_1-700x436.jpg 700w\" sizes=\"(max-width: 800px) 100vw, 800px\" \/>\t\t\t\t\t\t\t\t\t\t\t\t\t<\/div>\n\t\t\t\t<\/div>\n\t\t\t\t\t<\/div>\n\t\t<\/div>\n\t\t\t\t<div class=\"elementor-column elementor-col-50 elementor-top-column elementor-element elementor-element-552b44c\" data-id=\"552b44c\" data-element_type=\"column\">\n\t\t\t<div class=\"elementor-widget-wrap elementor-element-populated\">\n\t\t\t\t\t\t<div class=\"elementor-element elementor-element-26be129 elementor-widget elementor-widget-text-editor\" data-id=\"26be129\" data-element_type=\"widget\" data-widget_type=\"text-editor.default\">\n\t\t\t\t<div class=\"elementor-widget-container\">\n\t\t\t\t\t\t\t<h1>Experiencia<\/h1>\t\t\t\t\t\t<\/div>\n\t\t\t\t<\/div>\n\t\t\t\t<div class=\"elementor-element elementor-element-a747c96 elementor-widget elementor-widget-spacer\" data-id=\"a747c96\" data-element_type=\"widget\" data-widget_type=\"spacer.default\">\n\t\t\t\t<div class=\"elementor-widget-container\">\n\t\t\t\t\t<div class=\"elementor-spacer\">\n\t\t\t<div class=\"elementor-spacer-inner\"><\/div>\n\t\t<\/div>\n\t\t\t\t<\/div>\n\t\t\t\t<\/div>\n\t\t\t\t<div class=\"elementor-element elementor-element-50796d4 elementor-widget elementor-widget-text-editor\" data-id=\"50796d4\" data-element_type=\"widget\" data-widget_type=\"text-editor.default\">\n\t\t\t\t<div class=\"elementor-widget-container\">\n\t\t\t\t\t\t\t<p>Hace ya m\u00e1s de tres d\u00e9cadas que comenzamos a organizar eventos. Durante este tiempo, hemos logrado conformar un equipo de profesionales&nbsp; comprometidos con algo muy sencillo: hacer felices a todos nuestros clientes.&nbsp; Por ello, trabajamos d\u00eda a d\u00eda, adapt\u00e1ndonos a las nuevas exigencias,&nbsp; con el objetivo de cumplir todas las expectativas.<\/p>\t\t\t\t\t\t<\/div>\n\t\t\t\t<\/div>\n\t\t\t\t\t<\/div>\n\t\t<\/div>\n\t\t\t\t\t<\/div>\n\t\t<\/section>\n\t\t\t\t<section class=\"elementor-section elementor-top-section elementor-element elementor-element-7f3cde68 elementor-section-full_width qode_elementor_container_inner elementor-section-height-default elementor-section-height-default parallax_section_no\" data-id=\"7f3cde68\" data-element_type=\"section\">\n\t\t\t\t\t\t<div class=\"elementor-container elementor-column-gap-no\">\n\t\t\t\t\t<div class=\"elementor-column elementor-col-50 elementor-top-column elementor-element elementor-element-8d76b37\" data-id=\"8d76b37\" data-element_type=\"column\">\n\t\t\t<div class=\"elementor-widget-wrap elementor-element-populated\">\n\t\t\t\t\t\t<div class=\"elementor-element elementor-element-8e54a7a elementor-widget elementor-widget-text-editor\" data-id=\"8e54a7a\" data-element_type=\"widget\" data-widget_type=\"text-editor.default\">\n\t\t\t\t<div class=\"elementor-widget-container\">\n\t\t\t\t\t\t\t<h1>Sabor<\/h1>\t\t\t\t\t\t<\/div>\n\t\t\t\t<\/div>\n\t\t\t\t<div class=\"elementor-element elementor-element-a0ec454 elementor-widget elementor-widget-spacer\" data-id=\"a0ec454\" data-element_type=\"widget\" data-widget_type=\"spacer.default\">\n\t\t\t\t<div class=\"elementor-widget-container\">\n\t\t\t\t\t<div class=\"elementor-spacer\">\n\t\t\t<div class=\"elementor-spacer-inner\"><\/div>\n\t\t<\/div>\n\t\t\t\t<\/div>\n\t\t\t\t<\/div>\n\t\t\t\t<div class=\"elementor-element elementor-element-7e4eb8a elementor-widget elementor-widget-text-editor\" data-id=\"7e4eb8a\" data-element_type=\"widget\" data-widget_type=\"text-editor.default\">\n\t\t\t\t<div class=\"elementor-widget-container\">\n\t\t\t\t\t\t\t<p>Nuestros platos se caracterizan por la calidad de los productos y la b\u00fasqueda continua de nuevas propuestas que no dejen indiferente. Para ello, jugamos con el sabor, las texturas y las cuidadas presentaciones. Nuestro objetivo es emocionar a los clientes y convertir la experiencia gastron\u00f3mica en algo inolvidable.<\/p>\t\t\t\t\t\t<\/div>\n\t\t\t\t<\/div>\n\t\t\t\t\t<\/div>\n\t\t<\/div>\n\t\t\t\t<div class=\"elementor-column elementor-col-50 elementor-top-column elementor-element elementor-element-e7fe4e5\" data-id=\"e7fe4e5\" data-element_type=\"column\">\n\t\t\t<div class=\"elementor-widget-wrap elementor-element-populated\">\n\t\t\t\t\t\t<div class=\"elementor-element elementor-element-0e10773 elementor-widget elementor-widget-image\" data-id=\"0e10773\" data-element_type=\"widget\" data-widget_type=\"image.default\">\n\t\t\t\t<div class=\"elementor-widget-container\">\n\t\t\t\t\t\t\t\t\t\t\t\t\t<img decoding=\"async\" width=\"800\" height=\"498\" src=\"https:\/\/laspalomascatering.com\/wp-content\/uploads\/2020\/12\/las_palomas_nosotros_2.jpg\" class=\"attachment-full size-full wp-image-491\" alt=\"\" srcset=\"https:\/\/laspalomascatering.com\/wp-content\/uploads\/2020\/12\/las_palomas_nosotros_2.jpg 800w, https:\/\/laspalomascatering.com\/wp-content\/uploads\/2020\/12\/las_palomas_nosotros_2-300x187.jpg 300w, https:\/\/laspalomascatering.com\/wp-content\/uploads\/2020\/12\/las_palomas_nosotros_2-768x478.jpg 768w, https:\/\/laspalomascatering.com\/wp-content\/uploads\/2020\/12\/las_palomas_nosotros_2-700x436.jpg 700w\" sizes=\"(max-width: 800px) 100vw, 800px\" \/>\t\t\t\t\t\t\t\t\t\t\t\t\t<\/div>\n\t\t\t\t<\/div>\n\t\t\t\t\t<\/div>\n\t\t<\/div>\n\t\t\t\t\t<\/div>\n\t\t<\/section>\n\t\t\t\t<section class=\"elementor-section elementor-top-section elementor-element elementor-element-f6f6494 elementor-section-full_width qode_elementor_container_inner elementor-reverse-tablet elementor-reverse-mobile elementor-section-height-default elementor-section-height-default parallax_section_no\" data-id=\"f6f6494\" data-element_type=\"section\">\n\t\t\t\t\t\t<div class=\"elementor-container elementor-column-gap-no\">\n\t\t\t\t\t<div class=\"elementor-column elementor-col-50 elementor-top-column elementor-element elementor-element-e565672\" data-id=\"e565672\" data-element_type=\"column\">\n\t\t\t<div class=\"elementor-widget-wrap elementor-element-populated\">\n\t\t\t\t\t\t<div class=\"elementor-element elementor-element-275a5c6 elementor-widget elementor-widget-image\" data-id=\"275a5c6\" data-element_type=\"widget\" data-widget_type=\"image.default\">\n\t\t\t\t<div class=\"elementor-widget-container\">\n\t\t\t\t\t\t\t\t\t\t\t\t\t<img decoding=\"async\" width=\"800\" height=\"498\" src=\"https:\/\/laspalomascatering.com\/wp-content\/uploads\/2020\/12\/las_palomas_nosotros_4.jpg\" class=\"attachment-full size-full wp-image-510\" alt=\"\" srcset=\"https:\/\/laspalomascatering.com\/wp-content\/uploads\/2020\/12\/las_palomas_nosotros_4.jpg 800w, https:\/\/laspalomascatering.com\/wp-content\/uploads\/2020\/12\/las_palomas_nosotros_4-300x187.jpg 300w, https:\/\/laspalomascatering.com\/wp-content\/uploads\/2020\/12\/las_palomas_nosotros_4-768x478.jpg 768w, https:\/\/laspalomascatering.com\/wp-content\/uploads\/2020\/12\/las_palomas_nosotros_4-700x436.jpg 700w\" sizes=\"(max-width: 800px) 100vw, 800px\" \/>\t\t\t\t\t\t\t\t\t\t\t\t\t<\/div>\n\t\t\t\t<\/div>\n\t\t\t\t\t<\/div>\n\t\t<\/div>\n\t\t\t\t<div class=\"elementor-column elementor-col-50 elementor-top-column elementor-element elementor-element-6d144b5\" data-id=\"6d144b5\" data-element_type=\"column\">\n\t\t\t<div class=\"elementor-widget-wrap elementor-element-populated\">\n\t\t\t\t\t\t<div class=\"elementor-element elementor-element-f0d2d37 elementor-widget elementor-widget-text-editor\" data-id=\"f0d2d37\" data-element_type=\"widget\" data-widget_type=\"text-editor.default\">\n\t\t\t\t<div class=\"elementor-widget-container\">\n\t\t\t\t\t\t\t<h1>Emoci\u00f3n<\/h1>\t\t\t\t\t\t<\/div>\n\t\t\t\t<\/div>\n\t\t\t\t<div class=\"elementor-element elementor-element-6d2881e elementor-widget elementor-widget-spacer\" data-id=\"6d2881e\" data-element_type=\"widget\" data-widget_type=\"spacer.default\">\n\t\t\t\t<div class=\"elementor-widget-container\">\n\t\t\t\t\t<div class=\"elementor-spacer\">\n\t\t\t<div class=\"elementor-spacer-inner\"><\/div>\n\t\t<\/div>\n\t\t\t\t<\/div>\n\t\t\t\t<\/div>\n\t\t\t\t<div class=\"elementor-element elementor-element-db3f268 elementor-widget elementor-widget-text-editor\" data-id=\"db3f268\" data-element_type=\"widget\" data-widget_type=\"text-editor.default\">\n\t\t\t\t<div class=\"elementor-widget-container\">\n\t\t\t\t\t\t\t<p>Los peque\u00f1os detalles marcan la diferencia en cualquier celebraci\u00f3n. El espacio y la decoraci\u00f3n son imprescindibles para crear una experiencia \u00fanica e inolvidable. Por ello, ayudamos a nuestros clientes a encontrar el lugar id\u00f3neo y elegir todos aquellos elementos que hacen posible la personalizaci\u00f3n del evento.<\/p>\t\t\t\t\t\t<\/div>\n\t\t\t\t<\/div>\n\t\t\t\t\t<\/div>\n\t\t<\/div>\n\t\t\t\t\t<\/div>\n\t\t<\/section>\n\t\t\t\t<\/div>\n\t\t","protected":false},"excerpt":{"rendered":"<p>Experiencia Hace ya m\u00e1s de tres d\u00e9cadas que comenzamos a organizar eventos. Durante este tiempo, hemos logrado conformar un equipo de profesionales&nbsp; comprometidos con algo muy sencillo: hacer felices a todos nuestros clientes.&nbsp; Por ello, trabajamos d\u00eda a d\u00eda, adapt\u00e1ndonos a las nuevas exigencias,&nbsp; con&#8230;<\/p>\n","protected":false},"author":2,"featured_media":0,"parent":0,"menu_order":0,"comment_status":"closed","ping_status":"closed","template":"full_width.php","meta":{"footnotes":""},"_links":{"self":[{"href":"https:\/\/laspalomascatering.com\/index.php\/wp-json\/wp\/v2\/pages\/157"}],"collection":[{"href":"https:\/\/laspalomascatering.com\/index.php\/wp-json\/wp\/v2\/pages"}],"about":[{"href":"https:\/\/laspalomascatering.com\/index.php\/wp-json\/wp\/v2\/types\/page"}],"author":[{"embeddable":true,"href":"https:\/\/laspalomascatering.com\/index.php\/wp-json\/wp\/v2\/users\/2"}],"replies":[{"embeddable":true,"href":"https:\/\/laspalomascatering.com\/index.php\/wp-json\/wp\/v2\/comments?post=157"}],"version-history":[{"count":30,"href":"https:\/\/laspalomascatering.com\/index.php\/wp-json\/wp\/v2\/pages\/157\/revisions"}],"predecessor-version":[{"id":582,"href":"https:\/\/laspalomascatering.com\/index.php\/wp-json\/wp\/v2\/pages\/157\/revisions\/582"}],"wp:attachment":[{"href":"https:\/\/laspalomascatering.com\/index.php\/wp-json\/wp\/v2\/media?parent=157"}],"curies":[{"name":"wp","href":"https:\/\/api.w.org\/{rel}","templated":true}]}}